j**2 + 37*j - 19. Calculate q(-13).
7
Let g(c) = c**2 + 50*c + 535. Calculate g(-18).
-41
Let y(d) = -d**3 + 2*d**2 + 46*d + 21. Give y(8).
5
Let p(r) = r**3 - 9*r**2 + 21*r - 39. Determine p(7).
10
Let f(c) = -52*c**3 + 11*c**2 - 10*c - 3. What is f(2)?
-395
Let z(d) = d**3 + 17*d**2 - 113*d - 27. Calculate z(-22).
39
Let o(p) = 281*p + 1102. Calculate o(-4).
-22
Let c(f) = -110*f + 140. Determine c(0).
140
Let n(m) = 47*m + 695. Calculate n(-15).
-10
Let q(h) = 63*h - 421. Calculate q(7).
20
Let t(g) = -2*g**3 - 19*g**2 - 78*g - 432. What is t(-8)?
0
Let a(i) = 2*i**3 - 8*i**2 - 89*i + 1. Calculate a(-5).
-4
Let t(h) = -h**2 + 5*h + 167. Give t(16).
-9
Let w(l) = 2*l**2 + 34*l + 9. Give w(-16).
-23
Let t(i) = -2*i**3 - 20*i**2 + 438*i + 4109. What is t(-9)?
5
Let h(o) = -o**3 - 14*o**2 + 133*o + 1596. Calculate h(-9).
-6
Let z(d) = d**3 + 6*d**2 - 42*d - 83. Give z(0).
-83
Let n(h) = h**3 + 48*h**2 - 53*h - 200. Calculate n(-49).
-4
Let n(p) = -4*p**3 - 240*p**2 - 235*p + 60. Give n(-59).
1
Let y(r) = -r**3 + 28*r**2 + 94*r + 36. Give y(31).
67
Let n(h) = 2*h**3 - 18*h**2 + 6*h + 12. Calculate n(9).
66
Let u(d) = -30*d**2 + 20*d + 2. Give u(1).
-8
Let u(g) = 10*g + 321. Determine u(68).
1001
Let w(d) = d**2 + 160*d - 8972. What is w(-204)?
4
Let j(z) = z**2 - 170*z - 4098. Give j(-21).
-87
Let m(y) = -y**3 - 9*y**2 + 41*y + 362. What is m(-9)?
-7
Let v(k) = -10*k**2 - 127*k + 32. Calculate v(-13).
-7
Let b(i) = -i**2 - 218*i + 1815. What is b(8)?
7
Let k(d) = 3*d**2 - 8*d - 49. Give k(-10).
331
Let f(j) = -4*j**3 + 33*j**2 - 50*j + 336. Determine f(8).
0
Let q(l) = -15*l**3 + 676*l**2 - 35*l - 448. Determine q(45).
2
Let r(h) = 2*h**3 + 17*h**2 - 49*h + 69. What is r(-11)?
3
Let b(g) = g**3 - 29*g**2 - 111*g + 2609. What is b(30)?
179
Let x(h) = -h**2 - 20*h + 120. Give x(-28).
-104
Let p(j) = -4*j**3 - 803*j**2 + 203*j + 412. What is p(-201)?
10
Let u(b) = -68*b**2 + 7066*b + 625. What is u(104)?
1
Let f(o) = -o**3 + 21*o**2 + 37*o - 43. Determine f(22).
287
Let x(o) = -2*o**3 - 26*o**2 - 46*o - 30. Calculate x(-11).
-8
Let v(b) = -8*b**2 - 712*b - 14. Calculate v(-89).
-14
Let l(x) = -505*x - 10360. What is l(-20)?
-260
Let a(o) = -34*o + 580. Calculate a(17).
2
Let u(k) = 218*k - 1030. Calculate u(5).
60
Let p(s) = -2*s**2 - 11*s - 24. What is p(11)?
-387
Let q(s) = -8*s**2 - 136*s - 132. Give q(-16).
-4
Let k(w) = -3*w**2 + 84*w + 44. What is k(26)?
200
Let y(q) = q**3 + 61*q**2 - 52*q + 615. Give y(-62).
-5
Let b(l) = -6*l**2 - 14*l - 146. Calculate b(-6).
-278
Let w(f) = -1324*f + 72822. Determine w(55).
2
Let r(g) = -g**3 - 65*g**2 - 26*g - 6072. Calculate r(-66).
0
Let p(m) = -10495*m + 14. What is p(0)?
14
Let c(y) = y**3 - 55*y**2 - 580*y + 261. What is c(64)?
5
Let n(l) = -21*l - 693. Give n(-33).
0
Let c(a) = 117*a - 2323. Determine c(20).
17
Let l(c) = -5*c**2 - 13*c - 68. Determine l(-3).
-74
Let w(k) = -19*k**2 - 65*k + 63. Determine w(1).
-21
Let l(y) = 60*y + 722. Give l(-12).
2
Let q(l) = -63*l + 90. What is q(-2)?
216
Let z(x) = -3*x**2 + 76*x - 465. Give z(12).
15
Let w(q) = q**3 + 10*q**2 + 31*q + 69. What is w(-7)?
-1
Let l(a) = a**3 - 26*a**2 - 2*a + 518. What is l(0)?
518
Let m(c) = -42*c + 877. Calculate m(21).
-5
Let l(m) = -2*m**3 + 153*m**2 - 74*m - 145. What is l(76)?
7
Let r(c) = -c**2 + 112*c + 3238. Give r(136).
-26
Let u(w) = 17*w - 42. Determine u(11).
145
Let s(j) = -78*j - 185. Give s(-3).
49
Let s(q) = 56309*q + 225237. Give s(-4).
1
Let m(a) = 7*a - 102. What is m(10)?
-32
Let l(x) = -570*x + 251933. Calculate l(442).
-7
Let q(c) = -c**3 - 379*c**2 - 370*c + 3024. Determine q(-378).
0
Let b(k) = -116*k + 471. Calculate b(4).
7
Let f(l) = -321*l - 103686. Give f(-323).
-3
Let n(p) = 2*p**3 + 257*p**2 + 131*p + 415. Determine n(-128).
31
Let a(m) = -m**2 + 106*m - 1579. Calculate a(18).
5
Let g(i) = -645*i - 229. Give g(-1).
416
Let z(h) = h**2 + 35*h + 322. Determine z(-8).
106
Let u(y) = 3*y**2 + 248*y + 4819. Give u(-31).
14
Let i(y) = -17*y - 1728. Calculate i(-102).
6
Let m(u) = u**3 - 8*u**2 + 10*u - 65. Give m(8).
15
Let n(z) = z**3 - z**2 - 46*z - 164. Determine n(-4).
-60
Let z(o) = -119*o - 1541. Determine z(-13).
6
Let r(m) = m**2 - 4*m + 100. Give r(0).
100
Let s(b) = -2*b**2 + 23*b + 247. Give s(18).
13
Let t(h) = 2*h**3 - 13*h**2 - 486*h + 218. What is t(19)?
9
Let n(q) = -q**2 + 241*q - 10862. Determine n(181).
-2
Let x(w) = 2*w**2 + 63*w - 1165. Calculate x(13).
-8
Let m(k) = -7*k + 129. Determine m(-6).
171
Let i(o) = -2*o**2 - 27*o - 94. Calculate i(-9).
-13
Let o(j) = -94*j - 742. What is o(-7)?
-84
Let o(l) = -2*l**3 - 51*l**2 - 32*l - 148. Give o(-25).
27
Let q(g) = 2*g**2 + 32*g - 218. What is q(5)?
-8
Let l(i) = 75*i - 603. Determine l(9).
72
Let z(j) = j**3 + 3*j**2 - 4*j - 75. Determine z(-8).
-363
Let b(a) = -a**3 - 11*a**2 - 4*a + 51. What is b(0)?
51
Let g(u) = -2*u**2 + 30*u - 51. Calculate g(3).
21
Let q(z) = 61*z + 101. Determine q(-3).
-82
Let q(u) = -8*u**3 - 3*u**2 - 299*u - 599. Give q(-2).
51
Let z(b) = 2*b**3 + 12*b**2 + 46*b + 435. Give z(-7).
15
Let g(q) = 405*q - 5239. Give g(13).
26
Let w(r) = -3*r**3 - 18*r**2 - 65*r - 582. What is w(-7)?
20
Let d(a) = -44*a - 521. Determine d(-23).
491
Let g(i) = i**3 + 14*i**2 + 154*i + 1558. Determine g(-12).
-2
Let v(i) = -2*i**2 + 83*i + 689. Determine v(48).
65
Let t(y) = 4*y**2 - 287*y - 83. Calculate t(72).
-11
Let l(w) = 8*w**3 - 65*w**2 + 10*w - 8. Give l(8).
8
Let d(t) = -5*t**2 + 29*t - 16. Calculate d(3).
26
Let z(k) = -k**3 - 8*k**2 + 4*k - 156. What is z(0)?
-156
Let u(p) = 861*p + 4308. Calculate u(-5).
3
Let t(v) = 3*v**2 + 133*v - 6. Determine t(-44).
-50
Let n(j) = -26*j + 424. Determine n(18).
-44
Let b(j) = -j**2 - 53*j + 134. Calculate b(-54).
80
Let y(o) = -2*o**3 - 3*o**2 - 32*o + 133. Calculate y(0).
133
Let v(b) = -2*b**3 - 28*b**2 + 2*b + 13. Calculate v(-4).
-315
Let z(w) = 847*w - 9374. What is z(11)?
-57
Let h(m) = -268*m + 32689. Determine h(122).
-7
Let c(y) = 35*y - 58. What is c(3)?
47
Let a(r) = -2*r**3 - 26*r**2 - 53*r + 63. Determine a(-10).
-7
Let j(k) = k**2 + 2067*k + 4129. Determine j(-2).
-1
Let o(f) = f**3 - 26*f**2 + 58*f - 4. Determine o(24).
236
Let s(k) = 17*k**2 + 312*k + 97. Determine s(-18).
-11
Let u(r) = -478*r + 1430. What is u(3)?
-4
Let r(q) = -13*q**2 - 286*q + 292. Calculate r(1).
-7
Let o(u) = -3*u**3 - 83*u**2 + 37*u + 248. Calculate o(-28).
-4
Let g(m) = 71*m**2 + 280*m - 8. Calculate g(-4).
8
Let s(c) = -3*c**3 + 115*c**2 - 37*c - 84. Determine s(38).
-46
Let u(i) = i**2 + 29*i + 37. What is u(-15)?
-173
Let j(d) = -249*d - 35857. Give j(-144).
-1
Let u(m) = -22*m**2 - 34*m - 33. Give u(-4).
-249
Let d(p) = 7*p**2 + 333*p + 199. Calculate d(-47).
11
Let p(t) = 52*t + 2435. Give p(-47).
-9
Let d(p) = 11*p**2 - 5*p - 13. Calculate d(-2).
41
Let z(o) = 156*o - 720. Determine z(6).
216
Let x(j) = -312*j - 1522. Give x(-4).
-274
Let t(w) = 13*w**3 - 9*w**2 - 11*w + 3. What is t(-2)?
-115
Let k(m) = 9*m**2 + 4*m + 7. What is k(3)?
100
Let a(d) = 13*d**2 - 375*d - 866. Determine a(31).
2
Let l(n) = n**3 + 34*n**2 + 101*n - 561. Determine l(-30).
9
Let j(h) = -5*h**2 + 76*h - 15. Give j(14).
69
Let a(y) = -2748*y - 115435. Give a(-42).
-19
Let r(n) = -256*n + 3569. Determine r(14).
-15
Let j(r) = 2*r**3 + 12*r**2 - 10*r - 19. Give j(-7).
-47
Let k(m) = -m**2 + 93*m + 1145. Give k(104).
1
Let o(r) = 207*r - 8696. Calculate o(42).
-2
Let b(v) = 899*v + 16194. What is b(-18)?
12
Let s(g) = -2*g**3 - 16*g**2 + 19*g + 10. Determine s(-9).
1
Let j(m) = -163*m**2 + 141*m - 142. What is j(1)?
-164
Let g(x) = 2*x**3 + 10*x**2 + 13*x + 7. What is g(-3)?
4
Let g(c) = 7*c**2 + 864*c + 411. Calculate g(-123).
42
Let n(g) = g**2 + 91*g + 446. Determine n(-86).
16
Let g(d) = -10*d**2 + 6*d + 188. Calculate g(5).
-32
Let h(d) = d**3 - 74*d**2 - 2*d - 71. Determine h(74).
-219
Let i(l) = l**2 - 8*l + 8. What is i(3)?
-7
Let p(z) = -z**2 - 75*z + 915. Calculate p(11).
-31
Let d(a) = -17*a - 207. Calculate d(-9).
-54
Let d(s) = -2*s**2 - 34*s + 326. Calculate d(-23).
50
Let j(l) = -13*l**2 + 134*l - 41. Determine j(10).
-1
Let q(w) = w**3 - 11*w**2 + 4*w - 122. Determine q(0).
-122
Let q(p) = p**3 + 8*p**2 - 32*p + 19. What is q(-13)?
-410
Let q(a) = -50*a**2 + 1955*a + 1802. Determine q(40).
